{"id":289,"date":"2015-09-11T13:45:14","date_gmt":"2015-09-11T10:45:14","guid":{"rendered":"http:\/\/astandart.com\/?page_id=289"},"modified":"2015-09-11T13:45:14","modified_gmt":"2015-09-11T10:45:14","slug":"kizgin-yag-kazani","status":"publish","type":"page","link":"https:\/\/www.astandart.com\/?page_id=289","title":{"rendered":"K\u0131zg\u0131n Ya\u011f Kazan\u0131"},"content":{"rendered":"<p>[vc_row][vc_column width=&#8221;1\/4&#8243;][vc_single_image img_link_target=&#8221;_self&#8221; img_size=&#8221;full&#8221; image=&#8221;290&#8243;][\/vc_column][vc_column width=&#8221;3\/4&#8243;][vc_wp_text title=&#8221;K\u0131zg\u0131n Ya\u011f Kazan\u0131 Periyodik Kontrol\u00fc&#8221;]K\u0131zg\u0131n ya\u011f kazanlar\u0131 saniyede y\u00fcksek s\u0131cakl\u0131klara ihtiya\u00e7 duyulan proseslere \u0131s\u0131 transferi i\u00e7in kullan\u0131l\u0131r. K\u0131zg\u0131n ya\u011f kazanlar\u0131 yat\u0131k ve dik tip olarak iki \u015fekilde imal edilir.<\/p>\n<p>K\u0131zg\u0131n ya\u011f kazan\u0131 kullan\u0131m avantajlar\u0131<\/p>\n<p>\u2022 Is\u0131 iletim ya\u011flar\u0131n\u0131n \u0131s\u0131l iletkenlik katsay\u0131lar\u0131 di\u011fer ak\u0131\u015fkanlara g\u00f6re y\u00fcksektir.<br \/>\n\u2022 Y\u00fcksek s\u0131cakl\u0131klarda d\u00fc\u015f\u00fck bas\u0131n\u00e7larda \u00e7al\u0131\u015fabilirler.<br \/>\n\u2022 Is\u0131 iletim ya\u011f\u0131 buhar sistemleri gibi \u015fartland\u0131rma gerektirmez fakat spesifik \u00f6zelliklerinin analiz takibini gerektirir.<br \/>\n\u2022 Is\u0131 iletim ya\u011flar\u0131 do\u011fru kullan\u0131m ile korozyona neden olmaz.<br \/>\n\u2022 Mineral \u0131s\u0131 iletim ya\u011flar\u0131 ile max. 320 \u030aC s\u0131cakl\u0131\u011f\u0131nda \u00e7al\u0131\u015f\u0131labilir.<br \/>\n\u2022 Is\u0131 iletim ya\u011flar\u0131 kullan\u0131m s\u0131cakl\u0131\u011f\u0131 ve ko\u015fullar\u0131na ba\u011fl\u0131 olarak \u00f6mr\u00fc uzundur ve kay\u0131plar minimumdur.<br \/>\n\u0130\u015f Ekipmanlar\u0131n\u0131n Kullan\u0131m\u0131nda Sa\u011fl\u0131k Ve G\u00fcvenlik \u015eartlar\u0131 Y\u00f6netmeli\u011fi\u2019ne g\u00f6re bas\u0131n\u00e7l\u0131 kaplarda temel prensip olarak hidrostatik test yap\u0131lmas\u0131 esast\u0131r. Bu testler, standartlarda aksi belirtilmedi\u011fi s\u00fcrece i\u015fletme bas\u0131nc\u0131n\u0131n 1,5 kat\u0131 ile ve bir y\u0131l\u0131 a\u015fmayan s\u00fcrelerle yap\u0131l\u0131r. Ancak i\u015f ekipman\u0131n\u0131n \u00f6zelli\u011fi ve i\u015fletmeden kaynaklanan zorunlu \u015fartlar gere\u011fince hidrostatik test yapma imk\u00e2n\u0131 olmayan bas\u0131n\u00e7l\u0131 kaplarda hidrostatik test yerine standartlarda belirtilen tahribats\u0131z muayene y\u00f6ntemleri de uygulanabilir. Bu durumda, d\u00fczenlenecek periyodik kontrol raporlar\u0131nda bu husus gerek\u00e7esi ile birlikte belirtilir.[\/vc_wp_text][vc_wp_custommenu nav_menu=&#8221;4&#8243; title=&#8221;Bas\u0131n\u00e7l\u0131 Kaplar&#8221;][\/vc_column][\/vc_row]<\/p>\n","protected":false},"excerpt":{"rendered":"<p>[vc_row][vc_column width=&#8221;1\/4&#8243;][vc_single_image img_link_target=&#8221;_self&#8221; img_size=&#8221;full&#8221; image=&#8221;290&#8243;][\/vc_column][vc_column width=&#8221;3\/4&#8243;][vc_wp_text title=&#8221;K\u0131zg\u0131n Ya\u011f Kazan\u0131 Periyodik Kontrol\u00fc&#8221;]K\u0131zg\u0131n ya\u011f kazanlar\u0131 saniyede y\u00fcksek s\u0131cakl\u0131klara ihtiya\u00e7 duyulan proseslere \u0131s\u0131 transferi i\u00e7in kullan\u0131l\u0131r. K\u0131zg\u0131n ya\u011f kazanlar\u0131 yat\u0131k ve dik tip&#8230;<\/p>\n","protected":false},"author":1,"featured_media":0,"parent":239,"menu_order":0,"comment_status":"closed","ping_status":"closed","template":"","meta":[],"_links":{"self":[{"href":"https:\/\/www.astandart.com\/index.php?rest_route=\/wp\/v2\/pages\/289"}],"collection":[{"href":"https:\/\/www.astandart.com\/index.php?rest_route=\/wp\/v2\/pages"}],"about":[{"href":"https:\/\/www.astandart.com\/index.php?rest_route=\/wp\/v2\/types\/page"}],"author":[{"embeddable":true,"href":"https:\/\/www.astandart.com\/index.php?rest_route=\/wp\/v2\/users\/1"}],"replies":[{"embeddable":true,"href":"https:\/\/www.astandart.com\/index.php?rest_route=%2Fwp%2Fv2%2Fcomments&post=289"}],"version-history":[{"count":1,"href":"https:\/\/www.astandart.com\/index.php?rest_route=\/wp\/v2\/pages\/289\/revisions"}],"predecessor-version":[{"id":291,"href":"https:\/\/www.astandart.com\/index.php?rest_route=\/wp\/v2\/pages\/289\/revisions\/291"}],"up":[{"embeddable":true,"href":"https:\/\/www.astandart.com\/index.php?rest_route=\/wp\/v2\/pages\/239"}],"wp:attachment":[{"href":"https:\/\/www.astandart.com\/index.php?rest_route=%2Fwp%2Fv2%2Fmedia&parent=289"}],"curies":[{"name":"wp","href":"https:\/\/api.w.org\/{rel}","templated":true}]}}