{"id":173,"date":"2015-09-10T18:20:56","date_gmt":"2015-09-10T15:20:56","guid":{"rendered":"http:\/\/astandart.com\/?page_id=173"},"modified":"2015-09-11T09:46:38","modified_gmt":"2015-09-11T06:46:38","slug":"vinc","status":"publish","type":"page","link":"https:\/\/www.astandart.com\/?page_id=173","title":{"rendered":"Vin\u00e7"},"content":{"rendered":"<p>[vc_row][vc_column width=&#8221;1\/4&#8243;][vc_single_image image=&#8221;181&#8243; img_size=&#8221;full&#8221; img_link_target=&#8221;_self&#8221;][\/vc_column][vc_column width=&#8221;3\/4&#8243;][vc_wp_text title=&#8221;Vin\u00e7 Periyodik Kontrol\u00fc&#8221;]Vin\u00e7ler y\u00fckleri kald\u0131r\u0131p bir ba\u015fka yere aktarmaya yarayan makinalard\u0131r. Basit kollu vin\u00e7ler, bom denen uzun ve e\u011fik bir vin\u00e7 kolu ile bu kolu ta\u015f\u0131yan ve seren denen bir direk ya da kuleden olu\u015fur. Serenin ve vin\u00e7 kolunun tepesinden bir gergi ge\u00e7er; gerginin uzunlu\u011fu de\u011fi\u015ftirilebilir ve b\u00f6ylece serene farkl\u0131 uzakl\u0131klardaki y\u00fckler kald\u0131r\u0131labilir. Y\u00fck\u00fcn kald\u0131r\u0131lmas\u0131, makaralar \u00fczerinden dolanan tel halat\u0131n bir tambura sar\u0131lmas\u0131yla sa\u011flan\u0131r.<\/p>\n<p>Vin\u00e7 periyodik kontrol aral\u0131\u011f\u0131 ve kriterleri standartlar ile belirlenmemi\u015f i\u015f ekipmanlar\u0131n\u0131n periyodik kontrolleri, varsa imalat\u00e7\u0131n\u0131n \u00f6ng\u00f6rd\u00fc\u011f\u00fc aral\u0131k ve kriterlerde yap\u0131l\u0131r. Bu hususlar, imalat\u00e7\u0131 taraf\u0131ndan belirlenmemi\u015f ise i\u015f ekipman\u0131n\u0131n periyodik kontrol\u00fc, bulundu\u011fu i\u015fyeri ortam ko\u015fullar\u0131, kullan\u0131m s\u0131kl\u0131\u011f\u0131 ile kullan\u0131m s\u00fcresi gibi fakt\u00f6rler g\u00f6z \u00f6n\u00fcnde bulundurularak, yap\u0131lacak risk de\u011ferlendirmesi sonu\u00e7lar\u0131na g\u00f6re, belirlenecek aral\u0131klarda yap\u0131l\u0131r. Belirlenen periyodik kontrol aral\u0131\u011f\u0131n\u0131n, y\u00f6netmelikte belirtilen istisnalar d\u0131\u015f\u0131nda, bir y\u0131l\u0131 a\u015fmamas\u0131 gerekir.<\/p>\n<p>Vin\u00e7 periyodik kontrolleri yapmaya yetkili ki\u015filer taraf\u0131ndan yap\u0131lacak kontroller sonucunda vin\u00e7 periyodik kontrol raporu d\u00fczenlenir. D\u00fczenlenen belgeler, i\u015f ekipman\u0131n\u0131n kullan\u0131ld\u0131\u011f\u0131 s\u00fcrece saklan\u0131r.<\/p>\n<p>\u0130\u015f Ekipmanlar\u0131n\u0131n Kullan\u0131m\u0131nda Sa\u011fl\u0131k Ve G\u00fcvenlik \u015eartlar\u0131 Y\u00f6netmeli\u011fi\u2019ne g\u00f6re standartlarda aksi belirtilmedi\u011fi s\u00fcrece;<\/p>\n<p>Vin\u00e7 muayenesinde yap\u0131lacak olan statik deneyde deney y\u00fck\u00fc, beyan edilen y\u00fck\u00fcn en az 1,25 kat\u0131, dinamik deneyde ise en az 1,1 kat\u0131 olmas\u0131 gerekir.<\/p>\n<p>Vin\u00e7 testinde, beyan edilen y\u00fck\u00fcn en az 1,25 kat\u0131n\u0131, etkili ve g\u00fcvenli bir \u015fekilde kald\u0131racak ve ask\u0131da tutabilecek g\u00fc\u00e7te olur ve bunlar\u0131n bu y\u00fcke dayan\u0131kl\u0131 ve yeterli y\u00fck frenleri bulunur.[\/vc_wp_text][vc_wp_custommenu nav_menu=&#8221;3&#8243; title=&#8221;Kald\u0131rma Ekipmanlar\u0131&#8221;][\/vc_column][\/vc_row]<\/p>\n","protected":false},"excerpt":{"rendered":"<p>[vc_row][vc_column width=&#8221;1\/4&#8243;][vc_single_image image=&#8221;181&#8243; img_size=&#8221;full&#8221; img_link_target=&#8221;_self&#8221;][\/vc_column][vc_column width=&#8221;3\/4&#8243;][vc_wp_text title=&#8221;Vin\u00e7 Periyodik Kontrol\u00fc&#8221;]Vin\u00e7ler y\u00fckleri kald\u0131r\u0131p bir ba\u015fka yere aktarmaya yarayan makinalard\u0131r. Basit kollu vin\u00e7ler, bom denen uzun ve e\u011fik bir vin\u00e7 kolu ile bu&#8230;<\/p>\n","protected":false},"author":1,"featured_media":0,"parent":103,"menu_order":0,"comment_status":"closed","ping_status":"closed","template":"","meta":[],"_links":{"self":[{"href":"https:\/\/www.astandart.com\/index.php?rest_route=\/wp\/v2\/pages\/173"}],"collection":[{"href":"https:\/\/www.astandart.com\/index.php?rest_route=\/wp\/v2\/pages"}],"about":[{"href":"https:\/\/www.astandart.com\/index.php?rest_route=\/wp\/v2\/types\/page"}],"author":[{"embeddable":true,"href":"https:\/\/www.astandart.com\/index.php?rest_route=\/wp\/v2\/users\/1"}],"replies":[{"embeddable":true,"href":"https:\/\/www.astandart.com\/index.php?rest_route=%2Fwp%2Fv2%2Fcomments&post=173"}],"version-history":[{"count":7,"href":"https:\/\/www.astandart.com\/index.php?rest_route=\/wp\/v2\/pages\/173\/revisions"}],"predecessor-version":[{"id":255,"href":"https:\/\/www.astandart.com\/index.php?rest_route=\/wp\/v2\/pages\/173\/revisions\/255"}],"up":[{"embeddable":true,"href":"https:\/\/www.astandart.com\/index.php?rest_route=\/wp\/v2\/pages\/103"}],"wp:attachment":[{"href":"https:\/\/www.astandart.com\/index.php?rest_route=%2Fwp%2Fv2%2Fmedia&parent=173"}],"curies":[{"name":"wp","href":"https:\/\/api.w.org\/{rel}","templated":true}]}}